divided by 107?
102
What is the remainder when 267 is divided by 13?
7
Calculate the remainder when 15311 is divided by 58.
57
What is the remainder when 374 is divided by 5?
4
Calculate the remainder when 1094 is divided by 73.
72
What is the remainder when 147 is divided by 25?
22
What is the remainder when 103 is divided by 30?
13
Calculate the remainder when 951 is divided by 30.
21
Calculate the remainder when 86 is divided by 45.
41
Calculate the remainder when 263 is divided by 83.
14
Calculate the remainder when 33 is divided by 14.
5
What is the remainder when 4749 is divided by 108?
105
What is the remainder when 51 is divided by 14?
9
Calculate the remainder when 152 is divided by 31.
28
Calculate the remainder when 266 is divided by 13.
6
Calculate the remainder when 122 is divided by 27.
14
Calculate the remainder when 83 is divided by 4.
3
What is the remainder when 44 is divided by 11?
0
Calculate the remainder when 2032 is divided by 107.
106
Calculate the remainder when 19 is divided by 12.
7
What is the remainder when 648 is divided by 128?
8
What is the remainder when 6 is divided by 4?
2
What is the remainder when 1595 is divided by 34?
31
What is the remainder when 867 is divided by 11?
9
What is the remainder when 355 is divided by 17?
15
What is the remainder when 600 is divided by 28?
12
Calculate the remainder when 658 is divided by 60.
58
What is the remainder when 11968 is divided by 146?
142
What is the remainder when 12439 is divided by 122?
117
Calculate the remainder when 507 is divided by 17.
14
What is the remainder when 69 is divided by 37?
32
Calculate the remainder when 2380 is divided by 77.
70
Calculate the remainder when 12957 is divided by 22.
21
What is the remainder when 347 is divided by 145?
57
Calculate the remainder when 30 is divided by 3.
0
Calculate the remainder when 915 is divided by 110.
35
Calculate the remainder when 262 is divided by 17.
7
What is the remainder when 1808 is divided by 10?
8
Calculate the remainder when 6812 is divided by 9.
8
Calculate the remainder when 202 is divided by 98.
6
What is the remainder when 3469 is divided by 112?
109
Calculate the remainder when 1439 is divided by 287.
4
What is the remainder when 495 is divided by 26?
1
Calculate the remainder when 125 is divided by 58.
9
Calculate the remainder when 283 is divided by 42.
31
What is the remainder when 14959 is divided by 40?
39
Calculate the remainder when 4824 is divided by 46.
40
Calculate the remainder when 1389 is divided by 22.
3
Calculate the remainder when 436 is divided by 111.
103
What is the remainder when 190 is divided by 24?
22
Calculate the remainder when 193 is divided by 14.
11
Calculate the remainder when 55 is divided by 38.
17
What is the remainder when 253 is divided by 25?
3
Calculate the remainder when 2606 is divided by 13.
6
What is the remainder when 22908 is divided by 22?
6
What is the remainder when 697 is divided by 78?
73
Calculate the remainder when 2200 is divided by 16.
8
Calculate the remainder when 883 is divided by 34.
33
What is the remainder when 392 is divided by 61?
26
Calculate the remainder when 2429 is divided by 9.
8
Calculate the remainder when 22434 is divided by 81.
78
What is the remainder when 50 is divided by 7?
1
Calculate the remainder when 4690 is divided by 102.
100
What is the remainder when 212 is divided by 49?
16
What is the remainder when 226 is divided by 69?
19
What is the remainder when 58 is divided by 15?
13
Calculate the remainder when 8898 is divided by 59.
48
What is the remainder when 190 is divided by 33?
25
Calculate the remainder when 8036 is divided by 107.
11
Calculate the remainder when 9119 is divided by 24.
23
Calculate the remainder when 88 is divided by 32.
24
What is the remainder when 489 is divided by 26?
21
Calculate the remainder when 3779 is divided by 199.
197
What is the remainder when 1921 is divided by 37?
34
What is the remainder when 832 is divided by 49?
48
What is the remainder when 252 is divided by 17?
14
What is the remainder when 275 is divided by 40?
35
Calculate the remainder when 124 is divided by 35.
19
Calculate the remainder when 514 is divided by 171.
1
What is the remainder when 539 is divided by 20?
19
Calculate the remainder when 127 is divided by 114.
13
Calculate the remainder when 26 is divided by 6.
2
What is the remainder when 1102 is divided by 365?
7
What is the remainder when 396 is divided by 3?
0
What is the remainder when 512 is divided by 18?
8
Calculate the remainder when 573 is divided by 47.
9
Calculate the remainder when 214 is divided by 12.
10
Calculate the remainder when 692 is divided by 31.
10
What is the remainder when 5829 is divided by 10?
9
Calculate the remainder when 156 is divided by 6.
0
Calculate the remainder when 538 is divided by 23.
9
What is the remainder when 816 is divided by 39?
36
Calculate the remainder when 594 is divided by 102.
84
Calculate the remainder when 53 is divided by 7.
4
What is the remainder when 90 is divided by 56?
34
What is the remainder when 217 is divided by 52?
9
What is the remainder when 547 is divided by 25?
22
Calculate the remainder when 125 is divided by 64.
61
Calculate the remainder when 35 is divided by 20.
15
Calculate the remainder when 453 is divided by 161.
131
What is the remainder when 48 is divided by 10?
8
Calculate the remainder when 2902 is divided by 1442.
18
Calculate the remainder when 61 is divided by 3.
1
What is the remainder when 21123 is divided by 125?
123
Calculate the remainder when 1748 is divided by 92.
0
Calculate the remainder when 74 is divided by 20.
14
What is the remainder when 357 is divided by 119?
0
Calculate the remainder when 633 is divided by 28.
17
What is the remainder when 163 is divided by 33?
31
What is the remainder when 6070 is divided by 35?
15
What is the remainder when 599 is divided by 20?
19
What is the remainder when 373 is divided by 34?
33
What is the remainder when 25534 is divided by 57?
55
What is the remainder when 351 is divided by 23?
6
Calculate the remainder when 1420 is divided by 9.
7
Calculate the remainder when 92 is divided by 49.
43
What is the remainder when 206 is divided by 98?
10
What is the remainder when 163 is divided by 21?
16
What is the remainder when 3308 is divided by 11?
8
Calculate the remainder when 458 is divided by 17.
16
Calculate the remainder when 115 is divided by 30.
25
What is the remainder when 249 is divided by 116?
17
What is the remainder when 406 is divided by 11?
10
Calculate the remainder when 237 is divided by 8.
5
Calculate the remainder when 1483 is divided by 15.
13
Calculate the remainder when 3526 is divided by 1758.
10
Calculate the remainder when 456 is divided by 41.
5
What is the remainder when 56 is divided by 15?
11
What is the remainder when 1000 is divided by 15?
10
What is the remainder when 341 is divided by 130?
81
What is the remainder when 2518 is divided by 55?
43
Calculate the remainder when 1148 is divided by 25.
23
What is the remainder when 2031 is divided by 1005?
21
Calculate the remainder when 1709 is divided by 74.
7
What is the remainder when 92 is divided by 39?
14
Calculate the remainder when 993 is divided by 320.
33
What is the remainder when 5449 is divided by 202?
197
What is the remainder when 36 is divided by 10?
6
What is the remainder when 1043 is divided by 156?
107
Calculate the remainder when 14270 is divided by 32.
30
Calculate the remainder when 725 is divided by 233.
26
What is the remainder when 798 is divided by 135?
123
Calculate the remainder when 218 is divided by 112.
106
Calculate the remainder when 896 is divided by 25.
21
What is the remainder when 214 is divided by 29?
11
What is the remainder when 132 is divided by 70?
62
Calculate the remainder when 569 is divided by 367.
202
What is the remainder when 8843 is divided by 12?
11
Calculate the remainder when 1978 is divided by 111.
91
Calculate the remainder when 18324 is divided by 41.
38
What is the remainder when 78 is divided by 39?
0
Calculate the remainder when 343 is divided by 12.
7
Calculate the remainder when 2240 is divided by 72.
8
What is the remainder when 55 is divided by 32?
23
What is the remainder when 201 is divide